z + 7*z - 33 = 0. Let v = -10 + z. Is ((-4)/20)/(v/(-1685)) composite?
False
Let c = 218 - 233. Is (18/c)/(14/(-36155)) a composite number?
True
Let y(g) = 4761*g**2 - 22*g - 57. Is y(-4) prime?
True
Suppose -11951428 = -64*x - 2829444. Is x a prime number?
False
Suppose -4*t + 5*y = -15, 0 = -y + 4*y - 15. Let r(g) = 38*g**2 + 6*g + 11. Let q be r(t). Suppose 4*u + q = 10419. Is u a prime number?
True
Let k be (-1)/4 - 183/24*-786. Suppose 0 = -3*d + 2*h + k, -d + h - 2*h = -1996. Let v = 4330 - d. Is v prime?
True
Let f = 518 - 893. Is (-1)/(30/(-4)) - 2944825/f composite?
False
Let d = -22 + 43. Let u(o) = 65*o - 104. Is u(d) a prime number?
False
Let h be 16/(1 - -3) - 142. Let o = 9 - h. Let s = o + 38. Is s prime?
False
Suppose 0 = i + 3, 4 + 21 = 2*p - 5*i. Suppose -p*f = -21833 + 6528. Is f a prime number?
True
Let o(u) = 15*u + 4*u + 4*u**2 - 3*u**2 - 2 - 1. Let g be o(-20). Let k = 63 - g. Is k prime?
False
Let d(n) = 120*n**2 - 5*n + 6. Suppose -8*w + 2*w - 18 = 0. Is d(w) composite?
True
Let w = -6352 - -9291. Is w a prime number?
True
Suppose 4*l = 2*m - 668206, -39*m - 668171 = -41*m - 3*l. Is m a prime number?
True
Suppose 5*f = 4*z - 5*z + 26653, -4*f - 4*z = -21316. Is f a composite number?
True
Suppose 42 - 22 = 2*t. Let i(q) = 1401*q - 109. Is i(t) composite?
False
Let q(j) = -152*j - 311 - 29 + 76 + 77. Is q(-21) a prime number?
False
Is 38/(-10) - (-72)/(-360) - -21273 prime?
True
Let p be (93*(-1)/2)/(42/(-2072)). Suppose 0*t - 4*t + 2299 = i, -p = -i - 3*t. Is i a prime number?
False
Suppose 2*f = 5*k - 7, 0*f - 4 = 4*k - 4*f. Suppose -r + 3*t - 12 = r, 0 = 3*r + k*t - 12. Suppose 0 = -r*v + v - 565. Is v a prime number?
False
Suppose -4*l = -7*l + 38386 + 24233. Is l prime?
True
Let m be (101/3)/((-7)/105) + 1. Let q = -1436 - m. Let g = q - -1413. Is g a prime number?
False
Suppose -4*w - 70 = -5*c, -5*w = -c + 4*c - 5. Suppose -6*h = -c*h - 48. Is (-213)/(-3) - h/(-3) composite?
False
Suppose 2*a - 8651 = 33*q - 34*q, -2*a + 8669 = -5*q. Is a a composite number?
False
Let g be (-90)/(-25) - (3/5 - 0). Suppose g*l + 4*f - 62 = 0, -l + f + 7 + 16 = 0. Is l prime?
False
Let b(h) = -4*h**3 - 14*h**2 - 224*h - 9. Is b(-40) a prime number?
True
Let g(u) = -155*u**2 + 6*u + 9. Let c be g(-5). Let w = -2578 - c. Is w a composite number?
True
Let c(y) = -26*y - 75. Let q be c(-3). Suppose -q*x + 4*t = -21175, 10*x = 8*x + 4*t + 14114. Is x a prime number?
False
Let c = 568147 - 393498. Is c a composite number?
False
Let v(g) = 102*g + 1. Let d = 86 + -85. Suppose -2*i + 3 = -d. Is v(i) composite?
True
Let z = 263302 + 945475. Is z a prime number?
True
Let d be (4 - 5154/(-14)) + 1/(-7). Let n(l) = 55*l + 4. Let j be n(-3). Let q = j + d. Is q prime?
True
Let b(r) be the second derivative of 109*r**4/6 + 2*r**3/3 + 11*r**2/2 - 123*r. Is b(-3) a composite number?
True
Suppose -3*a - 2*n + 18 = 129, 0 = n. Let y(s) = -198*s + 215. Is y(a) a composite number?
False
Let g(a) = -a**3 + 4*a**2 + 13*a - 3. Let n be (-6)/(6 - 17/3). Is g(n) composite?
True
Suppose -4*v + 27155 = -j, -33960 = 12*v - 17*v - 2*j. Suppose 4*o - 9998 - v = 0. Is o composite?
True
Suppose -5*p + 5*i + 10 + 0 = 0, 0 = -3*p - 3*i + 36. Suppose -5095 = -p*q + 2*q. Is q prime?
True
Let m(q) = -q**3 + 9*q**2 + 5*q - 1. Let i(d) = -d**2 - d + 1. Let c(f) = 4*i(f) + m(f). Let g be c(-5). Let s = g + -127. Is s a composite number?
True
Suppose -15 + 110 = 19*w. Suppose -w*o + 4405 = 5*q, 3*q - 8*o = -4*o + 2615. Is q a composite number?
False
Let m = 24681 - -1156. Is m composite?
True
Let s(f) = 24*f**2 + 6*f - 7. Let g = 106 - 101. Let z be g*(32/(-30))/((-2)/(-3)). Is s(z) composite?
False
Suppose -272285 - 352188 = -2*c + s, -312205 = -c + 4*s. Is c prime?
True
Suppose 0 = -4*m + 6*m + 4*d - 37970, 0 = -d + 3. Is m a prime number?
True
Let x(a) = 8*a + 6. Let k be x(6). Let d = k + -55. Is 143 + d*(-3)/(-3) a prime number?
False
Let q(h) = -470*h + 59. Let b be q(-39). Suppose -10*x - b = -2*f - 5*x, -9198 = -f - x. Is f composite?
True
Suppose 4*x - 8*x - 28 = 0. Is (-12394)/(x + (-4 - -9)) a composite number?
False
Let c(h) = 65*h - 18*h + 3 + 24*h. Is c(20) a composite number?
False
Suppose 9*p - 30*p = 51*p - 14279688. Is p a prime number?
False
Is (-14)/((-70)/(-34649))*-5 prime?
True
Is ((-5)/(-2))/(3/4*104/120293004) a prime number?
False
Suppose -326628 = -8*k + 214956. Suppose 4*j + 14*j - k = 0. Is j composite?
False
Let t be 2/(-4)*(0 + 200). Let s = 1706 + -1709. Is (-10)/(t/(-15))*4442/s composite?
False
Let d(v) be the third derivative of 523*v**5/20 - v**3/3 + 8*v**2 + v. Is d(-1) a prime number?
True
Let b(k) be the second derivative of k**5/20 + 3*k**4/4 + 3*k**3/2 + 17*k**2 - 5*k. Suppose -2*x = -2 + 4, 3*x - 13 = 2*v. Is b(v) prime?
False
Suppose 2*r - 138*d - 7562 = -142*d, d = r - 3796. Is r prime?
False
Let x be (-899)/(-155) + (-1)/(-5). Is 1*8/x*136692/48 a prime number?
True
Let h be ((-69)/(-2))/(2*6/(-1200)). Let a = h + 7147. Is a prime?
True
Let g be 1/3 - 13788/(-27). Let o = g + -202. Is o a prime number?
False
Suppose -2178873 = -14*u + 11*u - 2*w, -3631429 = -5*u + w. Is u composite?
False
Let o be ((16110000/(-27))/16)/(2/(-6)). Suppose -g - 2*g = -m + 22388, 2*g + o = 5*m. Is m composite?
True
Suppose 2*y - g = 34034, -y + 14745 = 5*g - 2261. Let q = 25163 - y. Is q a composite number?
False
Let d(k) = -584*k**3 - k**2 + 99*k + 517. Is d(-5) a prime number?
True
Let u(w) = -368*w**3 + w**2 - 2. Let c be u(-2). Let v = c + -1579. Is v a prime number?
True
Is 1*7 - (12 + (-1093472)/4) a prime number?
False
Suppose -153*r + 116*r + 11248 = 0. Let u(i) = 20*i**2 - 3*i. Let y be u(-3). Let w = r + y. Is w a composite number?
True
Suppose -s + d + 115 + 101 = 0, 5*d + 216 = s. Suppose 0 = 7*w - 3*w + s. Is (-42678)/w + 2/3 a composite number?
True
Let q(r) = -32*r**3 + 4*r + 1. Let t(k) be the second derivative of -k**5/20 + 3*k**4/2 + 10*k**3/3 - 11*k**2 - 32*k. Let o be t(19). Is q(o) composite?
False
Let n(r) = 29*r**2 + 108*r + 55. Is n(-12) a composite number?
True
Is (-3662506)/(-12) - (-76)/456 composite?
False
Let u = -259 - -269. Suppose 6*o - 8*o = u, -5390 = -5*n + 5*o. Is n a prime number?
False
Let h(z) = z**2 - 13*z + 153. Let x be h(26). Let c = x - 420. Is c a composite number?
False
Is (811318/9)/(88/396) composite?
False
Let k(f) = 2*f**2 - 23. Let m be k(4). Suppose -4731 + 29229 = m*w. Is w prime?
False
Let k(v) = 6*v**2 - 4*v + 17. Let f = -3 - -8. Suppose f*c - 4*c - 3 = 0, -4*c + 34 = -2*s. Is k(s) a composite number?
False
Let o(x) = -x**2 + 28*x - 12. Let y be o(18). Is (-4)/((y/3493)/(-6)) composite?
False
Is (-2 - 124012/(-3))*9/6 prime?
True
Suppose -329 = t - 1492. Is t prime?
True
Let s(i) = i**3 + 31*i**2 - 21*i - 14. Suppose 2*z = -5*p - 121, -4*p + 5*z = 36 + 41. Is s(p) a prime number?
False
Let h = 24889 - 45893. Let k = -11835 - h. Is k a prime number?
False
Suppose 10*s - 5*s = 15. Suppose 6 = -4*b + b + s*t, -5*t = -4*b - 8. Is 4 + b - 5 - -134 prime?
True
Suppose -6*z = -710581 + 294357 - 371390. Is z prime?
False
Let g be ((-18)/99 - 2009/22)*-262. Is g/15 - 72/60 a composite number?
False
Let y be (1 - -2) + (8 - 8). Suppose 2*r = r - 2*h + 1779, -y*r + 5329 = -2*h. Is r composite?
False
Suppose -70090 = -4*y + 107794. Suppose q - y = -6*q. Is q a composite number?
False
Suppose 0 = -4*l + p + 4347, 0 = -p - 1075 + 1076. Is l composite?
False
Let m = 13211 - 6490. Let c = -4757 + m. Suppose -2224 - c = -4*b. Is b prime?
False
Let d(z) = 5*z + 142. Let g be d(-26). Is (16734/15)/(g/30) a prime number?
True
Suppose 28*u - 1 = 279. Suppose 39423 = u*c - 34007. Is c a composite number?
True
Let z(q) be the first derivative of q**7/140 - q**5/20 - 5*q**4/24 + 29*q**3/3 + 12. Let a(i) be the third derivative of z(i). Is a(6) composite?
True
Let z(g) = 26*g**2 - 14*g - 4. Suppose 3*b - 3*t = 36, -6*t = 3*b - 2*t - 22. Let j be z(b). Suppose 2*o - 10*o + j = 0. Is o composite?
False
Let i(j) = 3576*j + 1937. Is i(16) prime?
False
Suppose 0*g + 3*g = 4*q - 24124, 0 = -5*q - 5*g + 30120. Suppose -30149 = -5*k - 4*u, 4*k - u = 3*k + q. Is k composite?
False
Let n be -5*16/40 - 0. Is n - -7 - (-33 + -1695) composite?
False
Suppose 0*c = -4*c + 4. Let k be c + -3 + 10*(-10)/(-25). Is 1/k*(6 - -11332) 